12014 = y*f - 17*f. Is f composite?
False
Suppose -3*p + 27880 = -p + r, -5*p = 4*r - 69703. Is p composite?
True
Suppose 5*g + 2*x - 91977 = 0, g + 5*x = 14919 + 3458. Is g a composite number?
False
Let m = 31840 + -12251. Is m composite?
True
Let z(v) = -v**3 + v + 2. Let u be z(0). Suppose 0 = -3*t - 3*o + 33, -o - 5 = -u*t + 26. Is t/(-63) + (-3874)/(-18) a prime number?
False
Suppose 0 = 5*p - 15, -5 + 17 = -5*x + 4*p. Suppose x = -10*o - 38754 + 106444. Is o prime?
False
Let h = 142 + -142. Let g = 11 + -7. Suppose j + g*j - 1675 = h. Is j composite?
True
Let r(y) = -1463*y + 7. Let u be r(-3). Suppose a = 5*a - u. Is a a composite number?
True
Let a be (6/4*12)/2. Is 3679/a + 8/36 composite?
False
Suppose y = 2*q + 546, 368 = -q + y + 94. Let j = q + 1543. Is j composite?
True
Let j be 8 + 4 + 3 + 1. Suppose -5*g + 0*f = 2*f, 2*g = -4*f + j. Is (1036/(-5 + 3))/g a composite number?
True
Let d = 102968 - 65979. Is d composite?
True
Let u(i) = -i**2 + 4*i + 11. Let c(t) = t**3 - 9*t**2 + 7*t + 14. Let k be c(8). Let b be u(k). Let x(q) = -249*q + 2. Is x(b) composite?
False
Suppose -4 = -0*v + 4*v. Let c = 4 + v. Suppose 618 = c*l + 5*o, -3*l = 2*l - o - 1058. Is l a composite number?
False
Let w(b) = 16608*b + 11. Is w(1) a prime number?
True
Suppose -4*j - 22 = -2*r + 4*r, 5*r - 4*j = 1. Let g be (1 + r/4)*12. Suppose -2*u = -g*h + 1397, u - 506 = -5*h + 1831. Is h a prime number?
True
Let p be (-21)/(-1)*(-4)/6. Let q = -11 - p. Suppose 0 = -q*k + 6*k - 186. Is k a prime number?
False
Suppose 2*v + h = 17879, 2*h = -8*v + 7*v + 8941. Is v composite?
True
Suppose 6*u = -3*q + 3*u + 83454, 4*u - 27827 = -q. Is q composite?
True
Let w = -6969 - -11925. Let c be w/36 - (-1)/3. Suppose -5*i + 4*a = 2*a - c, -i = 2*a - 18. Is i prime?
False
Let x be (-139)/(-3 - 366/(-123)). Suppose 2*o - 4 = 0, 2*a = 5*a - 2*o - x. Is a composite?
False
Is (4561/3)/((-12)/(-36)) a composite number?
False
Let j = -3 + 11. Let y = j + -41. Is (-5)/(5/2) - y a composite number?
False
Let u be 108/(-10)*55/(-22). Let q = u - 21. Suppose 1016 = q*p + 2*p. Is p composite?
False
Let c be 463/((-1)/((-3)/3)). Suppose 0 = 3*l - c - 263. Suppose 4*j - 6*j = -l. Is j prime?
False
Suppose 6*o = 785172 + 40626. Is o composite?
False
Suppose d - 2*o - o = 2519, 3*o = -3*d + 7605. Is d prime?
True
Let o = -49 - -51. Suppose 3*h - 139 = -2*a, 40 = 2*a + o*h - 104. Is a prime?
False
Let z = -1 - -3. Suppose 706 - 2088 = -z*l. Is l a composite number?
False
Let v be (9/(-2))/(21/(-19768)). Let o = v + -2855. Is o composite?
False
Suppose -2*p + 4*p + 34 = 0. Is 0/p + 1764 + -1 composite?
True
Let y = -51900 + 125809. Is y a prime number?
False
Let r = 5 + -1. Suppose r*z = 3*z. Suppose -3*c + 5*a - 135 = -694, z = 3*c + 3*a - 519. Is c composite?
True
Let r(f) be the second derivative of -f**3/6 + 9*f**2/2 + 6*f. Suppose p = 2*p. Is r(p) prime?
False
Let n be (35/1)/(-6 - (-938)/156). Suppose -n = -12*x + 714. Is x a composite number?
True
Let v(x) = -11*x + 18. Let z be v(6). Let o be (z/10)/((-21)/70). Is 1608/o*2/3 a prime number?
True
Let t(c) be the second derivative of 0 - 5*c**2 - 13/6*c**3 - 4*c + 5/6*c**4. Is t(8) a prime number?
False
Let z(i) be the third derivative of 0*i + 3*i**2 + 7/12*i**4 - 3/2*i**3 + 0. Is z(11) a prime number?
False
Let i(m) = m**3 + 3*m**2 - 6*m - 2. Let k be i(-4). Is ((-3)/k)/((-6405)/6402 + 1) a composite number?
True
Let s be (-5)/5 + 5 - -1. Suppose v + 4*i - 8691 = 0, s*v + 2*i - 69052 + 25525 = 0. Is v prime?
True
Suppose -29*v - 12345 = -26*v. Let q = v + 8308. Is q a composite number?
True
Suppose -5*o = -d + 133 + 913, -3*d + o = -3096. Is d composite?
False
Let s(d) = 10*d**2 + 23*d + 6. Let y(x) = 31*x**2 + 70*x + 17. Let o(p) = 7*s(p) - 2*y(p). Is o(7) a prime number?
True
Suppose 26*b = 5*x + 23*b - 74012, x = -b + 14804. Is x a composite number?
True
Let o(f) = 3*f**3 - 2*f**2 - 69*f - 33. Is o(20) a composite number?
False
Let y be (-4 - (-7 + 4))/(-1). Is 7/((1/433)/y) a prime number?
False
Let j(c) = -747*c + 110. Is j(-19) a composite number?
False
Suppose -2545 = 5*o - 210. Let s = -262 - o. Is s a prime number?
False
Let g(u) = 188*u**2 + u. Suppose -4*q - 33 = 7. Let z = q - -9. Is g(z) composite?
True
Let g = -71 + 74. Is 5587/g + (80/15)/(-4) composite?
False
Let n(o) = o**3 + 31*o**2 + 4*o + 67. Is n(-21) a prime number?
False
Suppose -233*c = -238*c + 19895. Is c prime?
False
Let f(t) = t - 2. Let j be f(2). Suppose -12 = -5*b + 4*b + 2*u, 3*b - 2*u - 16 = j. Suppose -3*l = -3*k + b*l + 337, 3*l - 12 = 0. Is k prime?
False
Let i(m) = m**3 + 8*m**2 + 8*m + 4. Suppose -3*w + 1 = -4*l, 2*l - l = 3*w + 11. Let o be i(w). Suppose -607 = -2*v + o. Is v composite?
True
Suppose 2*b + 2*o = -2*o + 30, 4*b - 20 = 2*o. Suppose 2*w = b*w + 15. Is (w - -617)/(3 + -1) a composite number?
False
Suppose -468575 = -26*l + l. Is l composite?
False
Let m = -3590 - -6525. Is m prime?
False
Suppose 0 = 18*c - 14*c - 134764. Is c a composite number?
True
Suppose -5*g - 34017 = -4*i + 174561, -3*i - 3*g + 156447 = 0. Is i prime?
True
Suppose 0 = -5*s + 9*s - 20. Suppose s*o - 1117 = 4*o. Is o prime?
True
Let x = 122 + 249. Is x a composite number?
True
Suppose q = r + 1480, -q + 2*q - 2*r - 1479 = 0. Let z = -952 + q. Is z a composite number?
True
Suppose 0 = -4*b + p + 117936, -6*p + 5*p - 58970 = -2*b. Is b composite?
False
Suppose 3*n - 4*n = 5*c - 19, 2*n + 3*c = 38. Let b = -22 + n. Is (201*(b - -2))/(-1) a prime number?
False
Suppose -306 = x + j, 0*x - 5*j + 605 = -2*x. Let z = -164 - x. Is z prime?
False
Is (-9)/(-18) + (34689/6 - 3) a prime number?
True
Is (1*(-2396)/8)/((-17)/1462) composite?
True
Suppose 3*p + 3873 = -p + 3*g, 3*g + 957 = -p. Let b = p - -1385. Is b a composite number?
False
Suppose -2*q = 3*q - 40. Let f(v) = 48*v**3 + 18*v - 49*v**3 + 3*v**2 - 5 + 3*v**2. Is f(q) prime?
True
Suppose 0 = -2*g - m + 25578, 0 = 15*g - 11*g + 4*m - 51148. Is g prime?
True
Let r = 5356 + 607. Is r a prime number?
False
Let j be 2/(33/15 - 2). Is (1868/(-10))/((-4)/j) prime?
True
Let o = 14151 - 9568. Is o a prime number?
True
Let m(g) = -11*g**3 + 3*g**2 - 8*g - 11. Suppose 11 = 2*h + 17. Is m(h) a prime number?
True
Suppose 671 = -r - l + 3364, -2*l - 4 = 0. Suppose 4*s - 2793 - r = 2*z, -4*z = -5*s + 6854. Suppose -3*j + s = -j - d, 1350 = 2*j + 5*d. Is j a prime number?
False
Let w be -2 - (106/(-34) + (-2)/(-17)). Suppose w + 0 = -x, 3*s - 6162 = 3*x. Is s a prime number?
True
Let d = 20 - 17. Let c = 158 - d. Is c prime?
False
Suppose -3*p - 18 = -0*p. Let w = p + 1. Is (w + -6)/(1/(-5)) a prime number?
False
Suppose -x + 5 = 0, 0 = -5*y - x + 5*x - 10. Suppose 199 + 27 = i + 3*k, 0 = -3*i - y*k + 643. Is i prime?
True
Suppose 96*g = 106*g - 159370. Is g composite?
False
Suppose -r = 2 + 2. Let c be r*(-2 + 4/8). Suppose 4*s + u - 136 = -49, c = 2*u. Is s a prime number?
False
Let j(i) = 2*i**2 + 3*i - 8. Is j(-9) composite?
False
Let m(w) = -3*w**3 - 16*w**2 + 10*w - 19. Is m(-8) a prime number?
False
Suppose 2*j + 4088 = 5*j - 5*x, 5443 = 4*j + x. Is j a composite number?
False
Let j = 25578 + 39359. Is j a prime number?
True
Suppose h + 443 = 5790. Is h composite?
False
Let a = 20 - 16. Suppose a*g - 5*g = 2. Is g*(-1)/((-8)/(-1628)) composite?
True
Let s = -1621 + 2451. Suppose 0 = 12*r - 334 - s. Is r a composite number?
False
Let b be 4/(-20) + 80/25. Suppose -155 + 488 = b*s. Is s a prime number?
False
Let j(w) = -75*w + 2. Suppose 3*u + 18 - 9 = 0. Let m be j(u). Suppose -5*i + 488 = -m. Is i prime?
False
Let f = -20 + 22. Suppose 103 + 189 = c + 3*h, f*h - 604 = -2*c. Is c composite?
False
Let p = -1512 + 3118. Suppose 5*d - 836 = 3*x, 3*d - 341 = d - x. Suppose -p = -3*r - d. Is r prime?
True
Let y(q) = -5643*q - 356. Is y(-3) a prime number?
True
Suppose 2*x + 3*i - 976 = 0, 0*x - i - 1966 = -4*x. Is x prime?
True
Let l = -208 + 310. Suppose y - l + 13 = 0. Is y composite?
False
Suppose 0*i - 2*i + k = -7, -i - k + 2 = 0. Let n(r) = 6*r + 8. Is n(i) a composite number?
True
Let s(d) = 1842*d**3 - 4*d**2 + d. Let y be s(1). Let z = -3308 + 2260. Let v = y + z. Is v composite?
True
Let i(r) = 5*r**2. Let f be i(1). Suppose f*d + 24 = 2*c, -c - 14 = -6*c + d. Suppose 4*w - 119 = 3*t + 323, c*w - t = 220. Is w p